
Is 16674390 a multiple of 135?
True
Is 320842 a multiple of 94?
False
Is 64062 a multiple of 6?
True
Is 609 a factor of 1573756?
False
Does 878 divide 584748?
True
Is 26838886 a multiple of 19?
False
Is 131405 a multiple of 394?
False
Is 76973 a multiple of 191?
True
Is 445140 a multiple of 7?
False
Does 384 divide 523641?
False
Is 141 a factor of 126265?
False
Is 4 a factor of 30836?
True
Does 15 divide 12679500?
True
Is 626 a factor of 783126?
True
Is 160910 a multiple of 2?
True
Is 13 a factor of 596128?
True
Is 63 a factor of 695331?
True
Does 76 divide 3158094?
False
Does 57 divide 5818?
False
Is 10271879 a multiple of 235?
False
Does 243 divide 20367062?
False
Does 247 divide 80769?
True
Is 227248 a multiple of 261?
False
Is 18784 a multiple of 10?
False
Does 283 divide 8780641?
True
Is 238 a factor of 476225?
False
Is 12159 a multiple of 30?
False
Is 178 a factor of 1377364?
True
Is 625 a factor of 16447500?
True
Is 24 a factor of 465196?
False
Is 1251883 a multiple of 137?
False
Does 1222 divide 860228?
False
Does 19 divide 656646?
False
Is 909993 a multiple of 194?
False
Does 106 divide 109392?
True
Does 110 divide 4362871?
False
Is 149 a factor of 3118178?
False
Does 46 divide 2954212?
True
Is 17 a factor of 7400047?
False
Is 805278 a multiple of 172?
False
Does 259 divide 1819216?
True
Does 55 divide 281052?
False
Is 30 a factor of 97038?
False
Is 2904160 a multiple of 4?
True
Is 251 a factor of 141382?
False
Does 97 divide 67803?
True
Is 2246797 a multiple of 49?
True
Is 2379074 a multiple of 46?
True
Does 49 divide 437664?
False
Does 58 divide 3862858?
True
Is 18 a factor of 207540?
True
Is 394128 a multiple of 276?
True
Does 19 divide 13209029?
False
Does 37 divide 176305?
True
Is 46034 a multiple of 45?
False
Does 336 divide 71183?
False
Is 427 a factor of 48973?
False
Does 22 divide 1391346?
True
Is 194401 a multiple of 101?
False
Is 62376 a multiple of 10?
False
Does 30 divide 214725?
False
Is 22081 a multiple of 40?
False
Is 187 a factor of 843557?
True
Does 9 divide 2854872?
True
Is 54 a factor of 1308312?
True
Is 1760593 a multiple of 159?
False
Is 674640 a multiple of 90?
True
Is 31 a factor of 240064?
True
Does 311 divide 3123583?
False
Does 13 divide 7891?
True
Does 65 divide 418066?
False
Is 20060 a multiple of 295?
True
Is 24 a factor of 502374?
False
Is 731819 a multiple of 9?
False
Is 4978692 a multiple of 1105?
False
Is 79 a factor of 78354?
False
Is 2879550 a multiple of 54?
True
Is 22749 a multiple of 8?
False
Is 816301 a multiple of 37?
False
Is 91516 a multiple of 27?
False
Is 2994985 a multiple of 28?
False
Is 443 a factor of 928655?
False
Does 52 divide 270145?
False
Does 56 divide 30045?
False
Does 395 divide 11363839?
False
Does 39 divide 2514299?
False
Is 41 a factor of 68511?
True
Is 7 a factor of 1138200?
True
Is 5 a factor of 124568?
False
Is 274 a factor of 2184602?
True
Is 517671 a multiple of 11?
True
Is 82 a factor of 1693617?
False
Is 3003120 a multiple of 10?
True
Is 12 a factor of 39792?
True
Is 1154496 a multiple of 246?
False
Is 521 a factor of 321457?
True
Is 13541 a multiple of 94?
False
Does 145 divide 790830?
True
Does 3 divide 330929?
False
Is 20 a factor of 7460720?
True
Is 11 a factor of 1830766?
False
Is 24 a factor of 355680?
True
Does 2 divide 51984?
True
Does 242 divide 565312?
True
Is 330880 a multiple of 376?
True
Is 1027689 a multiple of 40?
False
Is 60 a factor of 2859660?
True
Does 2 divide 47242?
True
Is 54 a factor of 2856601?
False
Is 41 a factor of 293314?
True
Does 73 divide 2931810?
False
Is 68460 a multiple of 140?
True
Is 1701081 a multiple of 9?
True
Is 12 a factor of 6316886?
False
Does 8 divide 3243856?
True
Does 50 divide 3450550?
True
Is 220392 a multiple of 11?
False
Is 624 a factor of 388752?
True
Is 7055329 a multiple of 206?
False
Does 9 divide 1047712?
False
Is 84588 a multiple of 76?
True
Is 20 a factor of 407665?
False
Is 19 a factor of 102580?
False
Is 1352 a factor of 2932488?
True
Is 255 a factor of 6735052?
False
Is 1066002 a multiple of 51?
True
Does 350 divide 1626326?
False
Is 4 a factor of 408?
True
Is 379563 a multiple of 57?
True
Does 8 divide 1000022?
False
Is 2 a factor of 8666?
True
Is 8551661 a multiple of 2111?
True
Is 931 a factor of 963544?
False
Does 42 divide 904722?
True
Is 1522860 a multiple of 51?
True
Is 80 a factor of 74640?
True
Does 15 divide 8893770?
True
Does 125 divide 27625?
True
Is 15517 a multiple of 59?
True
Does 14 divide 248262?
True
Is 66 a factor of 184707?
False
Is 320 a factor of 3836160?
True
Does 13 divide 4281213?
False
Is 271 a factor of 12737?
True
Does 221 divide 467415?
True
Does 98 divide 201488?
True
Is 56220 a multiple of 15?
True
Is 645 a factor of 4705920?
True
Is 87 a factor of 6039105?
True
Does 11 divide 3192418?
False
Does 12 divide 24828?
True
Is 13 a factor of 11110?
False
Does 6 divide 217260?
True
Does 18 divide 221850?
True
Is 13 a factor of 2089253?
False
Does 147 divide 6582072?
True
Is 3129735 a multiple of 615?
True
Does 799 divide 1041620?
False
Is 13993365 a multiple of 15?
True
Is 336048 a multiple of 22?
False
Is 40 a factor of 219840?
True
Is 62253 a multiple of 78?
False
Is 92 a factor of 104929?
False
Is 1121 a factor of 682435?
False
Is 516 a factor of 617753?
False
Does 79 divide 46610?
True
Is 1807759 a multiple of 15?
False
Is 2630315 a multiple of 66?
False
Is 15 a factor of 101595?
True
Is 16 a factor of 12112?
True
Is 1165 a factor of 2175827?
False
Does 18 divide 23850?
True
Is 1463605 a multiple of 143?
True
Is 14 a factor of 117981?
False
Is 71 a factor of 57936?
True
Is 7329478 a multiple of 494?
True
Is 6 a factor of 198710?
False
Is 12 a factor of 6106?
False
Is 534 a factor of 22961?
False
Is 654862 a multiple of 26?
True
Is 169 a factor of 7493798?
True
Does 172 divide 3781743?
False
Does 100 divide 587500?
True
Is 1732597 a multiple of 7?
False
Is 80 a factor of 242160?
True
Is 215849 a multiple of 8?
False
Is 4972995 a multiple of 1215?
True
Does 179 divide 228689?
False
Does 13 divide 647036?
True
Does 18 divide 1868088?
False
Is 40920 a multiple of 24?
True
Is 377118 a multiple of 82?
True
Is 859020 a multiple of 103?
True
Does 62 divide 3949371?
False
Does 96 divide 3778303?
False
Does 7 divide 143871?
True
Is 279780 a multiple of 3?
True
Does 20 divide 3666700?
True
Is 668007 a multiple of 47?
False
Does 8 divide 1322769?
False
Is 1217348 a multiple of 7?
False
Is 859251 a multiple of 119?
False
Does 36 divide 4081191?
False
Is 229 a factor of 758219?
True
Is 2114284 a multiple of 356?
True
Is 21 a factor of 101996?
False
Does 2 divide 6548?
True
Is 642996 a multiple of 294?
False
Is 1241928 a multiple of 367?
True
Is 89779 a multiple of 60?
False
Is 192 a factor of 403968?
True
Is 7525388 a multiple of 157?
False
Is 639 a multiple of 2?
False
Does 571 divide 196296?
False
Is 4656067 a multiple of 325?
False
Is 109 a factor of 4289913?
True
Does 184 divide 34617?
False
Is 288952 a multiple of 38?
True
Does 2 divide 23261?
False
Is 85 a factor of 160310?
True
Does 78 divide 217074?
True
Is 203760 a multiple of 24?
True
Is 1252804 a multiple of 225?
False
Does 70 divide 1311840?
False
Is 1640 a factor of 12246779?
False
Is 2217285 a multiple of 16?
False
Is 325 a factor of 2229183?
False
Is 9 a factor of 1064?
False
Is 228 a factor of 92862?
False
Does 99 divide 3557367?
True
Is 419 a factor of 5485967?
True
Is 1924608 a multiple of 716?
True
Is 576 a factor of 356895?
False
Is 35 a factor of 69422?
False
Is 211 a factor of 7407089?
False
Is 42 a factor of 162876?
True
Is 146211 a multiple of 39?
True
Does 767 divide 158002?
True
Is 3780362 a multiple of 526?
True
Is 77 a factor of 969205?
False
Is 578555 a multiple of 1255?
True
Is 48 a factor of 6111072?
True
Does 12 divide 536844?
True
Is 313149 a multiple of 676?
False
Does 58 divide 48314?
True
Is 18 a factor of 1638018?
True
Is 316 a factor of 264114?
False
Is 93921 a multiple of 32?
False
Does 465 divide 11388780?
True
Is 136 a factor of 72896?
True
Does 305 divide 1671967?
False
Is 39 a factor of 410338?
False
Is 6882 a multiple of 148?
False
Is 208428 a multiple of 4?
True
Is 3336883 a multiple of 989?
False
Is 555822 a multiple of 423?
True
Is 558420 a multiple of 9?
False
Does 10 divide 1467072?
False
Is 